{"id":26,"date":"2009-08-03T11:57:29","date_gmt":"2009-08-03T10:57:29","guid":{"rendered":"http:\/\/www.french-bears.com\/videos-gay-et-dialogue-entre-males-virils\/?page_id=26"},"modified":"2018-11-13T11:44:13","modified_gmt":"2018-11-13T10:44:13","slug":"plan-webcam","status":"publish","type":"page","link":"http:\/\/www.french-bears.com\/videos-gay-et-dialogue-entre-males-virils\/plan-webcam\/","title":{"rendered":"Cam"},"content":{"rendered":"<p>Un bon nombre de mod\u00e8les masculins sont en ligne quotidiennement, certains sont du jour d&rsquo;autres plut\u00f4t la nuit. De 18 ans au quadra mature tu peux trouver des hommes ou des minets qui aiment s&rsquo;exhiber en ligne devant d&rsquo;autres gars. Tu peux discuter avec eux et les rejoindre en show priv\u00e9 et l\u00e0 \u00e7a devient chaud bouillant . Parfois j&rsquo;y suis moi m\u00eame incognito lol &#8230;tu peux t&rsquo;inscrire ci dessous pour acc\u00e9der ensuite au chat avec webcam de ces charmeurs. <\/p>\n<div align=\"center\"><iframe src='http:\/\/promo.mykocam.com\/pdv\/reg_remote\/index.php?id=39571&#038;buying=0&#038;synergie=gay&#038;langue=fr&#038;e=0&#038;w=1&#038;cs=mykocam&#038;theme=&#038;background_color=623f32&#038;design=16&#038;size=468x120&#038;tracker=french-bears-cam&#038;type=iframe' frameborder='0' scrolling='no' allowtransparency='true' width='468' height='120' style='width:468px;height:120px;'><\/iframe><\/div>\n<div align=\"center\">\n<iframe src='https:\/\/chaturbate.com\/affiliates\/in\/?tour=CoeM&#038;campaign=yAvaw&#038;track=french-bears-cam&#038;bgcolor=transparent&#038;disable_sound=1&#038;embed_video_only=1&#038;target=_parent' height=600 width=800 style='border: none;'><\/iframe> <\/p>\n<p><iframe width=670 height=800 frameborder=0 border=0 scrolling=no src='http:\/\/www.mykocam.com?module=public_eurolive_onlinehostess&#038;id=39571&#038;tracker=french-bears-cam&#038;n=20&#038;lines=5&#038;columns=4&#038;synergie=gay&#038;size=M&#038;bgcolor=623f32&#038;fgcolor=dabdb3&#038;tcolor=000000&#038;bcolor=000000&#038;bicolor=dabdb3&#038;ip=123.123.123.123'><\/iframe><\/p>\n<\/div>\n","protected":false},"excerpt":{"rendered":"<p>Un bon nombre de mod\u00e8les masculins sont en ligne quotidiennement, certains sont du jour d&rsquo;autres plut\u00f4t la nuit. De 18 ans au quadra mature tu peux trouver des hommes ou des minets qui aiment s&rsquo;exhiber en ligne devant d&rsquo;autres gars. Tu peux discuter avec eux et les rejoindre en show priv\u00e9 et l\u00e0 \u00e7a devient [&hellip;]<\/p>\n","protected":false},"author":1,"featured_media":0,"parent":0,"menu_order":7,"comment_status":"closed","ping_status":"closed","template":"","meta":{"footnotes":""},"class_list":["post-26","page","type-page","status-publish","hentry"],"yoast_head":"<!-- This site is optimized with the Yoast SEO plugin v27.6 - https:\/\/yoast.com\/product\/yoast-seo-wordpress\/ -->\n<title>Cam - French Bears des vid\u00e9os gay virils et discussions entre hommes<\/title>\n<meta name=\"robots\" content=\"index, follow, max-snippet:-1, max-image-preview:large, max-video-preview:-1\" \/>\n<link rel=\"canonical\" href=\"http:\/\/www.french-bears.com\/videos-gay-et-dialogue-entre-males-virils\/plan-webcam\/\" \/>\n<meta property=\"og:locale\" content=\"fr_FR\" \/>\n<meta property=\"og:type\" content=\"article\" \/>\n<meta property=\"og:title\" content=\"Cam - French Bears des vid\u00e9os gay virils et discussions entre hommes\" \/>\n<meta property=\"og:description\" content=\"Un bon nombre de mod\u00e8les masculins sont en ligne quotidiennement, certains sont du jour d&rsquo;autres plut\u00f4t la nuit. De 18 ans au quadra mature tu peux trouver des hommes ou des minets qui aiment s&rsquo;exhiber en ligne devant d&rsquo;autres gars. Tu peux discuter avec eux et les rejoindre en show priv\u00e9 et l\u00e0 \u00e7a devient [&hellip;]\" \/>\n<meta property=\"og:url\" content=\"http:\/\/www.french-bears.com\/videos-gay-et-dialogue-entre-males-virils\/plan-webcam\/\" \/>\n<meta property=\"og:site_name\" content=\"French Bears des vid\u00e9os gay virils et discussions entre hommes\" \/>\n<meta property=\"article:modified_time\" content=\"2018-11-13T10:44:13+00:00\" \/>\n<meta name=\"twitter:card\" content=\"summary_large_image\" \/>\n<script type=\"application\/ld+json\" class=\"yoast-schema-graph\">{\"@context\":\"https:\\\/\\\/schema.org\",\"@graph\":[{\"@type\":\"WebPage\",\"@id\":\"http:\\\/\\\/www.french-bears.com\\\/videos-gay-et-dialogue-entre-males-virils\\\/plan-webcam\\\/\",\"url\":\"http:\\\/\\\/www.french-bears.com\\\/videos-gay-et-dialogue-entre-males-virils\\\/plan-webcam\\\/\",\"name\":\"Cam - French Bears des vid\u00e9os gay virils et discussions entre hommes\",\"isPartOf\":{\"@id\":\"http:\\\/\\\/www.french-bears.com\\\/videos-gay-et-dialogue-entre-males-virils\\\/#website\"},\"datePublished\":\"2009-08-03T10:57:29+00:00\",\"dateModified\":\"2018-11-13T10:44:13+00:00\",\"breadcrumb\":{\"@id\":\"http:\\\/\\\/www.french-bears.com\\\/videos-gay-et-dialogue-entre-males-virils\\\/plan-webcam\\\/#breadcrumb\"},\"inLanguage\":\"fr-FR\",\"potentialAction\":[{\"@type\":\"ReadAction\",\"target\":[\"http:\\\/\\\/www.french-bears.com\\\/videos-gay-et-dialogue-entre-males-virils\\\/plan-webcam\\\/\"]}]},{\"@type\":\"BreadcrumbList\",\"@id\":\"http:\\\/\\\/www.french-bears.com\\\/videos-gay-et-dialogue-entre-males-virils\\\/plan-webcam\\\/#breadcrumb\",\"itemListElement\":[{\"@type\":\"ListItem\",\"position\":1,\"name\":\"Accueil\",\"item\":\"http:\\\/\\\/www.french-bears.com\\\/videos-gay-et-dialogue-entre-males-virils\\\/\"},{\"@type\":\"ListItem\",\"position\":2,\"name\":\"Cam\"}]},{\"@type\":\"WebSite\",\"@id\":\"http:\\\/\\\/www.french-bears.com\\\/videos-gay-et-dialogue-entre-males-virils\\\/#website\",\"url\":\"http:\\\/\\\/www.french-bears.com\\\/videos-gay-et-dialogue-entre-males-virils\\\/\",\"name\":\"French Bears des vid\u00e9os gay virils et discussions entre hommes\",\"description\":\"\",\"potentialAction\":[{\"@type\":\"SearchAction\",\"target\":{\"@type\":\"EntryPoint\",\"urlTemplate\":\"http:\\\/\\\/www.french-bears.com\\\/videos-gay-et-dialogue-entre-males-virils\\\/?s={search_term_string}\"},\"query-input\":{\"@type\":\"PropertyValueSpecification\",\"valueRequired\":true,\"valueName\":\"search_term_string\"}}],\"inLanguage\":\"fr-FR\"}]}<\/script>\n<!-- \/ Yoast SEO plugin. -->","yoast_head_json":{"title":"Cam - French Bears des vid\u00e9os gay virils et discussions entre hommes","robots":{"index":"index","follow":"follow","max-snippet":"max-snippet:-1","max-image-preview":"max-image-preview:large","max-video-preview":"max-video-preview:-1"},"canonical":"http:\/\/www.french-bears.com\/videos-gay-et-dialogue-entre-males-virils\/plan-webcam\/","og_locale":"fr_FR","og_type":"article","og_title":"Cam - French Bears des vid\u00e9os gay virils et discussions entre hommes","og_description":"Un bon nombre de mod\u00e8les masculins sont en ligne quotidiennement, certains sont du jour d&rsquo;autres plut\u00f4t la nuit. De 18 ans au quadra mature tu peux trouver des hommes ou des minets qui aiment s&rsquo;exhiber en ligne devant d&rsquo;autres gars. Tu peux discuter avec eux et les rejoindre en show priv\u00e9 et l\u00e0 \u00e7a devient [&hellip;]","og_url":"http:\/\/www.french-bears.com\/videos-gay-et-dialogue-entre-males-virils\/plan-webcam\/","og_site_name":"French Bears des vid\u00e9os gay virils et discussions entre hommes","article_modified_time":"2018-11-13T10:44:13+00:00","twitter_card":"summary_large_image","schema":{"@context":"https:\/\/schema.org","@graph":[{"@type":"WebPage","@id":"http:\/\/www.french-bears.com\/videos-gay-et-dialogue-entre-males-virils\/plan-webcam\/","url":"http:\/\/www.french-bears.com\/videos-gay-et-dialogue-entre-males-virils\/plan-webcam\/","name":"Cam - French Bears des vid\u00e9os gay virils et discussions entre hommes","isPartOf":{"@id":"http:\/\/www.french-bears.com\/videos-gay-et-dialogue-entre-males-virils\/#website"},"datePublished":"2009-08-03T10:57:29+00:00","dateModified":"2018-11-13T10:44:13+00:00","breadcrumb":{"@id":"http:\/\/www.french-bears.com\/videos-gay-et-dialogue-entre-males-virils\/plan-webcam\/#breadcrumb"},"inLanguage":"fr-FR","potentialAction":[{"@type":"ReadAction","target":["http:\/\/www.french-bears.com\/videos-gay-et-dialogue-entre-males-virils\/plan-webcam\/"]}]},{"@type":"BreadcrumbList","@id":"http:\/\/www.french-bears.com\/videos-gay-et-dialogue-entre-males-virils\/plan-webcam\/#breadcrumb","itemListElement":[{"@type":"ListItem","position":1,"name":"Accueil","item":"http:\/\/www.french-bears.com\/videos-gay-et-dialogue-entre-males-virils\/"},{"@type":"ListItem","position":2,"name":"Cam"}]},{"@type":"WebSite","@id":"http:\/\/www.french-bears.com\/videos-gay-et-dialogue-entre-males-virils\/#website","url":"http:\/\/www.french-bears.com\/videos-gay-et-dialogue-entre-males-virils\/","name":"French Bears des vid\u00e9os gay virils et discussions entre hommes","description":"","potentialAction":[{"@type":"SearchAction","target":{"@type":"EntryPoint","urlTemplate":"http:\/\/www.french-bears.com\/videos-gay-et-dialogue-entre-males-virils\/?s={search_term_string}"},"query-input":{"@type":"PropertyValueSpecification","valueRequired":true,"valueName":"search_term_string"}}],"inLanguage":"fr-FR"}]}},"_links":{"self":[{"href":"http:\/\/www.french-bears.com\/videos-gay-et-dialogue-entre-males-virils\/wp-json\/wp\/v2\/pages\/26","targetHints":{"allow":["GET"]}}],"collection":[{"href":"http:\/\/www.french-bears.com\/videos-gay-et-dialogue-entre-males-virils\/wp-json\/wp\/v2\/pages"}],"about":[{"href":"http:\/\/www.french-bears.com\/videos-gay-et-dialogue-entre-males-virils\/wp-json\/wp\/v2\/types\/page"}],"author":[{"embeddable":true,"href":"http:\/\/www.french-bears.com\/videos-gay-et-dialogue-entre-males-virils\/wp-json\/wp\/v2\/users\/1"}],"replies":[{"embeddable":true,"href":"http:\/\/www.french-bears.com\/videos-gay-et-dialogue-entre-males-virils\/wp-json\/wp\/v2\/comments?post=26"}],"version-history":[{"count":19,"href":"http:\/\/www.french-bears.com\/videos-gay-et-dialogue-entre-males-virils\/wp-json\/wp\/v2\/pages\/26\/revisions"}],"predecessor-version":[{"id":3336,"href":"http:\/\/www.french-bears.com\/videos-gay-et-dialogue-entre-males-virils\/wp-json\/wp\/v2\/pages\/26\/revisions\/3336"}],"wp:attachment":[{"href":"http:\/\/www.french-bears.com\/videos-gay-et-dialogue-entre-males-virils\/wp-json\/wp\/v2\/media?parent=26"}],"curies":[{"name":"wp","href":"https:\/\/api.w.org\/{rel}","templated":true}]}}